).
-15
Let a(r) = -31*r**2 + r + 1. What is a(1)?
-29
Let o(k) = k**2 - 12*k - 83. Calculate o(17).
2
Let b(g) = 2*g**3 + 19*g**2 + 14*g + 9. Calculate b(-9).
-36
Let l(v) = -3*v + 8. Give l(-4).
20
Let a(j) = -j**2 - 7*j. Determine a(-8).
-8
Let y(t) = -t + 12. What is y(-4)?
16
Let u(s) = -13*s - 6. Determine u(1).
-19
Let w(y) = y**2 + 20*y + 66. What is w(-4)?
2
Let v(p) = -6*p + 14. Determine v(3).
-4
Let l(o) = -o**3 - 6*o**2 - 5*o + 6. Determine l(-3).
-6
Let g(q) = -q + 11. Calculate g(3).
8
Let q(f) = 4*f + 85. Give q(-22).
-3
Let i(b) = -b**2 + b + 57. What is i(8)?
1
Let m(s) = s**3 + 2*s**2 - s + 8. What is m(-3)?
2
Let h(c) = -c**2 - 11*c. Calculate h(-11).
0
Let w(p) = p**3 - p**2 - 2*p - 2. Calculate w(3).
10
Let g(v) = -v**2 - 3*v + 32. What is g(6)?
-22
Let y(h) = h**2 - 4*h - 17. Calculate y(6).
-5
Let x(r) = 37*r + 69. Calculate x(-2).
-5
Let j(a) = -a**2 + 16*a - 18. Determine j(11).
37
Let t(j) = 30*j + 12. Determine t(3).
102
Let g(v) = 2*v**3 - 4*v**2 + v - 2. What is g(3)?
19
Let d(w) = w**3 + 4*w**2 + 7*w. Calculate d(-3).
-12
Let q(z) = -z**3 - 2*z. Determine q(0).
0
Let m(u) = u**3 + 11*u**2 + 8*u + 239. What is m(-12)?
-1
Let p(z) = z**3 + 14*z**2 - 17*z - 13. Determine p(-15).
17
Let g(z) = 8*z + 22. Determine g(-7).
-34
Let s(u) = -u**2 + 6*u + 2. Give s(6).
2
Let w(j) = -7*j - 19. What is w(10)?
-89
Let x(n) = 3*n - 34. Calculate x(-9).
-61
Let z(b) = -5*b**2 + 2*b - 7. Calculate z(0).
-7
Let r(u) = u**3 + 5*u**2 + 2*u - 3. What is r(-5)?
-13
Let s(t) = -t**2 + 8*t - 19. What is s(5)?
-4
Let u(y) = -y - 2. Give u(-6).
4
Let c(d) = 2*d**2 + 23*d + 44. Determine c(-2).
6
Let t(b) = 2*b**2 - 2*b - 11. Calculate t(7).
73
Let u(n) = -n**3 - 13*n**2 + 16*n + 21. Calculate u(-14).
-7
Let t(d) = -9*d - 139. Determine t(-11).
-40
Let k(f) = 4*f + 7. Calculate k(16).
71
Let r(q) = -9*q**2 + 2*q + 1. What is r(2)?
-31
Let u(l) = l**2 + 16*l - 26. Calculate u(-18).
10
Let z(r) = r**2 + 13*r + 31. Give z(-8).
-9
Let j(q) = q**2 - 3*q + 1. Give j(4).
5
Let c(r) = -r - 6. What is c(8)?
-14
Let w(u) = -u**3 - 15*u**2 + 21*u + 62. Determine w(-16).
-18
Let t(h) = h. Determine t(-4).
-4
Let v(m) = -m**3 + 9*m**2 - 4*m - 48. Determine v(8).
-16
Let j(i) = -i**2 + i + 2. Determine j(2).
0
Let f(w) = -w**3 - 10*w**2 - 2*w - 14. What is f(-10)?
6
Let q(o) = 2*o - 5. Give q(-6).
-17
Let h(g) = 2*g - 47. Determine h(20).
-7
Let q(i) = 14*i**3 - 2*i**2 + 2*i - 4. Calculate q(2).
104
Let i(f) = 11*f + 62. What is i(-5)?
7
Let y(r) = -r**3 + 11*r**2 - 9*r - 11. Determine y(8).
109
Let l(p) = -2*p**2 + 35*p + 93. Determine l(20).
-7
Let a(w) = -7*w + 15. Calculate a(3).
-6
Let w(r) = -r**2 + 6*r + 29. Give w(-4).
-11
Let c(z) = 6*z + 7. What is c(0)?
7
Let w(a) = a**3 + 8. Determine w(0).
8
Let m(b) = 2*b - 24. Give m(17).
10
Let k(o) = -4*o - 27. What is k(-10)?
13
Let b(u) = -u**3 + u - 49. Give b(0).
-49
Let u(q) = q**2 - 18*q + 76. Determine u(14).
20
Let k(q) = -170*q - 337. What is k(-2)?
3
Let m(z) = -3*z**2 - 4*z + 3. Determine m(-4).
-29
Let m(f) = f**3 + 2*f**2 + 5*f + 6. Calculate m(-3).
-18
Let q(f) = f**2 + 14*f + 27. Calculate q(-3).
-6
Let b(a) = -a**3 + 9*a + 1. What is b(3)?
1
Let j(z) = -2*z + 7. What is j(-6)?
19
Let r(x) = -x**2 + 12*x + 48. Calculate r(15).
3
Let d(p) = -p**3 - 35*p**2 - 67*p - 102. Determine d(-33).
-69
Let u(s) = s**2 + 7*s + 10. Determine u(-7).
10
Let m(u) = -u**2 + 21*u + 25. What is m(22)?
3
Let y(g) = g**2 + 3*g - 13. Determine y(-5).
-3
Let k(h) = -18*h - 61. Calculate k(-4).
11
Let f(m) = m**2 + 11*m + 20. Calculate f(-12).
32
Let a(z) = z**3 - 10*z**2 - 14*z + 26. What is a(11)?
-7
Let u(q) = -q**2 - 9*q + 48. Give u(-13).
-4
Let w(y) = y**2 - y + 7. Determine w(0).
7
Let p(z) = -9*z - 1. Give p(-2).
17
Let k(a) = 5*a - 5. Calculate k(2).
5
Let g(f) = -f**3 + 14*f**2 - 18*f - 27. Calculate g(13).
-92
Let s(z) = z**3 - 6*z**2 - 3*z + 6. Give s(7).
34
Let w(r) = 28*r + 14. Calculate w(-2).
-42
Let g(c) = 3*c**2 + 25*c - 11. Calculate g(-9).
7
Let r(y) = -2*y**3 - 3*y**2 - 2*y - 7. Give r(-3).
26
Let t(k) = k**3 + 3*k**2 - 3*k + 3. Calculate t(-4).
-1
Let p(u) = -7*u + 51. Give p(8).
-5
Let d(s) = s**3 + 5*s**2 - 9*s - 29. Determine d(-5).
16
Let i(g) = -g**2 + 12*g + 11. Calculate i(13).
-2
Let f(p) = 9*p + 43. What is f(-6)?
-11
Let a(k) = -18*k**2 + 1. Calculate a(1).
-17
Let l(m) = 22*m**3 + 2*m**2 - 2*m + 1. Give l(1).
23
Let s(t) = -6*t - 87. What is s(-12)?
-15
Let m(v) = 9*v + 38. Give m(-5).
-7
Let v(g) = 2*g + 45. Determine v(-24).
-3
Let w(h) = -h**3 - 7*h**2 - 7*h + 9. Calculate w(-6).
15
Let i(a) = -2*a**3 + 2*a**2 + a + 2. What is i(3)?
-31
Let u(h) = 9*h + 56. Give u(-8).
-16
Let l(k) = k**2 + 8*k + 2. What is l(-7)?
-5
Let c(s) = -s**3 + 2*s**2 - s - 12. What is c(0)?
-12
Let h(j) = j**3 - 2*j + 1. What is h(-2)?
-3
Let r(s) = s**2 - 19*s + 32. Determine r(17).
-2
Let p(x) = x**3 + 10*x**2 - 12*x + 9. Calculate p(-11).
20
Let r(l) = -2*l**3 - 35*l**2 - 20*l - 56. What is r(-17)?
-5
Let r(t) = 7*t**3 + 4*t + 5. Determine r(-1).
-6
Let g(c) = -c**3 + 23*c**2 - 21*c - 25. What is g(22)?
-3
Let q(g) = 91*g + 816. Calculate q(-9).
-3
Let h(o) = -o**3 - 9*o**2 - 6*o - 7. Determine h(-8).
-23
Let n(x) = -13*x**3 + 2*x - 2. Determine n(1).
-13
Let s(n) = 2*n + 2. Calculate s(2).
6
Let u(s) = -10*s**2 + 2*s + 3. Give u(-1).
-9
Let w(a) = -2*a**2 + 23*a + 36. Give w(13).
-3
Let x(v) = -2*v**2 + 8*v - 4. Give x(8).
-68
Let s(h) = -h**3 - 2*h**2 - 2*h - 1. Determine s(-2).
3
Let g(z) = 16*z + 436. Calculate g(-27).
4
Let n(y) = -2*y**3 - 4*y**2 - 4*y - 2. What is n(-4)?
78
Let c(a) = -a**3 + 7*a**2 - 4*a + 2. Give c(3).
26
Let g(k) = -10*k. What is g(-2)?
20
Let y(j) = j**2 + 14*j + 43. What is y(-9)?
-2
Let w(m) = m**2 - 8*m - 3. Calculate w(7).
-10
Let b(o) = -o + 7. Calculate b(-5).
12
Let x(z) = 9*z - 4. Determine x(-1).
-13
Let y(s) = 7*s**3 + s**2 + 2*s + 1. Give y(-1).
-7
Let b(m) = m**2 + m - 10. Give b(-5).
10
Let j(f) = f**2 - 15*f + 31. Determine j(8).
-25
Let f(b) = -b - 17. What is f(0)?
-17
Let y(q) = 2*q - 55. Determine y(30).
5
Let n(a) = -3*a**2 - 23*a - 15. Determine n(-9).
-51
Let f(y) = -y**3 + 3*y**2 + 4*y - 10. Determine f(3).
2
Let f(y) = -y**2 + 2*y - 3. What is f(4)?
-11
Let x(w) = w**2 + 9*w. Determine x(-8).
-8
Let g(x) = x**2 + 31*x - 188. What is g(5)?
-8
Let i(r) = r**2 + 20*r - 100. Calculate i(4).
-4
Let l(n) = -36*n - 486. Give l(-14).
18
Let r(l) = l**3 + 9*l**2 + 12*l + 8. Give r(-8).
-24
Let p(q) = q**3 - 6*q**2 - 7*q - 3. What is p(7)?
-3
Let p(j) = -j + 3. Give p(5).
-2
Let r(l) = -36*l**2 + l - 1. What is r(1)?
-36
Let d(b) = b**2 - 11*b - 19. What is d(13)?
7
Let h(n) = -2*n - 3. Determine h(3).
-9
Let m(i) = -2*i**2 + 25*i + 38. Calculate m(16).
-74
Let m(z) = 2*z - 4. Determine m(-2).
-8
Let b(q) = 3*q**2 - 13*q + 18. Determine b(6).
48
Let y(p) = p**3 - 3*p**2 - 8*p - 3. Determine y(5).
7
Let i(s) = 9*s**2 + 1. Calculate i(-1).
10
Let o(l) = -3*l**3 + 8*l**2 - 8*l + 11. Give o(2).
3
Let k(j) = -j**3 - 5*j**2 + 4*j - 10. Give k(-6).
2
Let y(k) = 2*k**2 - 2*k + 1. What is y(1)?
1
Let v(m) = 12*m + 20. Determine v(-2).
-4
Let t(i) = 2*i**2 - i - 4. Determine t(6).
62
Let a(b) = 51*b - 1. Calculate a(-1).
-52
Let z(m) = m**2 + 5*m + 5. Determine z(-6).
11
Let y(r) = r**3 + 8*r**2 - 12*r - 2. Determine y(-10).
-82
Let j(v) = 4*v**2 + 2*v + 1. Determine j(-1).
3
Let z(p) = -13*p - 13. What is z(-2)?
13
Let u(j) = 2*j**3 - j**2 - 2*j. Calculate u(-1).
-1
Let k(r) = 2*r**2 - 20*r - 14. Calculate k(14).
98
Let i(j) = -j**2 + 9*j + 4. Give i(12).
-32
Let t(q) = 85*q**2. What is t(-1)?
85
Let w(s) = -2*s**3 - 3*s - 1. Determine w(-2).
21
Let n(o) = o**2 - 13*o - 13. Give n(13).
-13
Let v(y) = y**2 + 3*y - 64. Calculate v(-10).
6
Let u(t) = t**2 + t + 35. Calculate u(-6).
65
Let y(t) = 10*t - 78. Give y(6).
-18
Let z(s) = s**3 + 11*s**2 - 10*s + 18. What is z(-12)?
-6
Let y(l) = -5*l + 61. Give y(14).
-9
Let i(m) = m**3 + 44*m**2 + 43*m + 10. What is i(-43)?
10
Let g(z) = z**2 - 4*z + 6. Give g(2).
2
Let b(a) = -5*a. Determine b(4).
-20
Let z(d) = -11*d. Determine z(4).
-44
Let z(l) = l**2 + 36*l + 142. Determine z(-32).
14
Let h(n) = -n**3 - 12*n**2 + 15*n + 7. Calculate h(-13).
-19
Let h(t) = 40*t - 6. Determine h(-4).
-166
Let t(y) = -6*y - 6. Give t(-2)